{"id":315,"date":"2026-03-25T16:48:19","date_gmt":"2026-03-25T16:48:19","guid":{"rendered":"https:\/\/shop.nexttech.bernat26.es\/?post_type=product&#038;p=315"},"modified":"2026-03-27T23:34:31","modified_gmt":"2026-03-27T23:34:31","slug":"power-chip","status":"publish","type":"product","link":"https:\/\/shop.nexttech.bernat26.es\/?product=power-chip","title":{"rendered":"POWER\u2011CHIP"},"content":{"rendered":"<p><strong>POWER\u2011CHIP<\/strong> es un microchip energ\u00e9tico ultracompacto, similar a una tarjeta SIM pero ligeramente m\u00e1s grande, dise\u00f1ado para ofrecer energ\u00eda inmediata en cualquier momento. Est\u00e1 disponible en <strong>tres modelos<\/strong>, cada uno con una capacidad fija de transferencia:<\/p>\n<ul>\n<li><strong>20% Emergency Boost<\/strong> \u2192 para emergencias r\u00e1pidas<\/li>\n<li><strong>50% Rescue Boost<\/strong> \u2192 para media jornada<\/li>\n<li><strong>100% Full Restore<\/strong> \u2192 carga completa instant\u00e1nea<\/li>\n<\/ul>\n<p>Cada POWER\u2011CHIP incluye <strong>5 recargas internas<\/strong>. Una vez consumidas, puedes adquirir <strong>recargas adicionales<\/strong> para seguir utiliz\u00e1ndolo sin reemplazar el chip. Su tecnolog\u00eda de alta densidad energ\u00e9tica permite transferir la carga en segundos, sin cables ni cargadores tradicionales.<\/p>\n<p>Es compatible con m\u00f3viles, auriculares, relojes inteligentes y otros dispositivos. Su dise\u00f1o resistente y minimalista lo convierte en la alternativa perfecta a las bater\u00edas externas voluminosas.<\/p>\n<h3><strong>Caracter\u00edsticas principales<\/strong><\/h3>\n<ul>\n<li>Tres modelos disponibles: <strong>20%, 50% y 100%<\/strong><\/li>\n<li>Tama\u00f1o similar a una <strong>SIM<\/strong>, un poco m\u00e1s grande<\/li>\n<li>Incluye <strong>5 recargas instant\u00e1neas<\/strong><\/li>\n<li>Recargas adicionales disponibles<\/li>\n<li>Transferencia de energ\u00eda sin cables<\/li>\n<li>Tecnolog\u00eda de alta densidad energ\u00e9tica<\/li>\n<li>Compatible con m\u00faltiples dispositivos<\/li>\n<li>Dise\u00f1o ultracompacto y resistente<\/li>\n<\/ul>\n","protected":false},"excerpt":{"rendered":"<p>POWER\u2011CHIP es un aparatillo energ\u00e9tico port\u00e1til capaz de recargar tus dispositivos al instante. Su tecnolog\u00eda avanzada almacena energ\u00eda de alta densidad y permite transferirla en segundos, sin cables ni cargadores tradicionales.<\/p>\n<div><\/div>\n","protected":false},"featured_media":303,"comment_status":"open","ping_status":"closed","template":"","meta":{"site-sidebar-layout":"default","site-content-layout":"","ast-site-content-layout":"default","site-content-style":"default","site-sidebar-style":"default","ast-global-header-display":"","ast-banner-title-visibility":"","ast-main-header-display":"","ast-hfb-above-header-display":"","ast-hfb-below-header-display":"","ast-hfb-mobile-header-display":"","site-post-title":"","ast-breadcrumbs-content":"","ast-featured-img":"","footer-sml-layout":"","ast-disable-related-posts":"","theme-transparent-header-meta":"default","adv-header-id-meta":"","stick-header-meta":"","header-above-stick-meta":"","header-main-stick-meta":"","header-below-stick-meta":"","astra-migrate-meta-layouts":"set","ast-page-background-enabled":"default","ast-page-background-meta":{"desktop":{"background-color":"var(--ast-global-color-5)","background-image":"","background-repeat":"repeat","background-position":"center center","background-size":"auto","background-attachment":"scroll","background-type":"","background-media":"","overlay-type":"","overlay-color":"","overlay-opacity":"","overlay-gradient":""},"tablet":{"background-color":"","background-image":"","background-repeat":"repeat","background-position":"center center","background-size":"auto","background-attachment":"scroll","background-type":"","background-media":"","overlay-type":"","overlay-color":"","overlay-opacity":"","overlay-gradient":""},"mobile":{"background-color":"","background-image":"","background-repeat":"repeat","background-position":"center center","background-size":"auto","background-attachment":"scroll","background-type":"","background-media":"","overlay-type":"","overlay-color":"","overlay-opacity":"","overlay-gradient":""}},"ast-content-background-meta":{"desktop":{"background-color":"var(--ast-global-color-4)","background-image":"","background-repeat":"repeat","background-position":"center center","background-size":"auto","background-attachment":"scroll","background-type":"","background-media":"","overlay-type":"","overlay-color":"","overlay-opacity":"","overlay-gradient":""},"tablet":{"background-color":"var(--ast-global-color-4)","background-image":"","background-repeat":"repeat","background-position":"center center","background-size":"auto","background-attachment":"scroll","background-type":"","background-media":"","overlay-type":"","overlay-color":"","overlay-opacity":"","overlay-gradient":""},"mobile":{"background-color":"var(--ast-global-color-4)","background-image":"","background-repeat":"repeat","background-position":"center center","background-size":"auto","background-attachment":"scroll","background-type":"","background-media":"","overlay-type":"","overlay-color":"","overlay-opacity":"","overlay-gradient":""}}},"product_brand":[],"product_cat":[39,37],"product_tag":[40],"class_list":{"0":"post-315","1":"product","2":"type-product","3":"status-publish","4":"has-post-thumbnail","6":"product_cat-bateria","7":"product_cat-uso-diario","8":"product_tag-bater","9":"desktop-align-left","10":"tablet-align-left","11":"mobile-align-left","13":"first","14":"instock","15":"shipping-taxable","16":"purchasable","17":"product-type-variable"},"yoast_head":"<!-- This site is optimized with the Yoast SEO plugin v27.0 - https:\/\/yoast.com\/product\/yoast-seo-wordpress\/ -->\n<title>POWER\u2011CHIP - NextTech<\/title>\n<meta name=\"robots\" content=\"noindex, follow, max-snippet:-1, max-image-preview:large, max-video-preview:-1\" \/>\n<meta property=\"og:locale\" content=\"es_ES\" \/>\n<meta property=\"og:type\" content=\"article\" \/>\n<meta property=\"og:title\" content=\"POWER\u2011CHIP - NextTech\" \/>\n<meta property=\"og:description\" content=\"POWER\u2011CHIP es un aparatillo energ\u00e9tico port\u00e1til capaz de recargar tus dispositivos al instante. Su tecnolog\u00eda avanzada almacena energ\u00eda de alta densidad y permite transferirla en segundos, sin cables ni cargadores tradicionales.\" \/>\n<meta property=\"og:url\" content=\"https:\/\/shop.nexttech.bernat26.es\/?product=power-chip\" \/>\n<meta property=\"og:site_name\" content=\"NextTech\" \/>\n<meta property=\"article:modified_time\" content=\"2026-03-27T23:34:31+00:00\" \/>\n<meta property=\"og:image\" content=\"https:\/\/shop.nexttech.bernat26.es\/wp-content\/uploads\/2026\/03\/Gemini_Generated_Image_jq6d4vjq6d4vjq6d.png\" \/>\n\t<meta property=\"og:image:width\" content=\"1408\" \/>\n\t<meta property=\"og:image:height\" content=\"768\" \/>\n\t<meta property=\"og:image:type\" content=\"image\/png\" \/>\n<meta name=\"twitter:card\" content=\"summary_large_image\" \/>\n<meta name=\"twitter:site\" content=\"@NextTech581170\" \/>\n<meta name=\"twitter:label1\" content=\"Tiempo de lectura\" \/>\n\t<meta name=\"twitter:data1\" content=\"1 minuto\" \/>\n<script type=\"application\/ld+json\" class=\"yoast-schema-graph\">{\"@context\":\"https:\/\/schema.org\",\"@graph\":[{\"@type\":\"WebPage\",\"@id\":\"https:\/\/shop.nexttech.bernat26.es\/?product=power-chip\",\"url\":\"https:\/\/shop.nexttech.bernat26.es\/?product=power-chip\",\"name\":\"POWER\u2011CHIP - NextTech\",\"isPartOf\":{\"@id\":\"https:\/\/shop.nexttech.bernat26.es\/#website\"},\"primaryImageOfPage\":{\"@id\":\"https:\/\/shop.nexttech.bernat26.es\/?product=power-chip#primaryimage\"},\"image\":{\"@id\":\"https:\/\/shop.nexttech.bernat26.es\/?product=power-chip#primaryimage\"},\"thumbnailUrl\":\"https:\/\/shop.nexttech.bernat26.es\/wp-content\/uploads\/2026\/03\/Gemini_Generated_Image_jq6d4vjq6d4vjq6d.png\",\"datePublished\":\"2026-03-25T16:48:19+00:00\",\"dateModified\":\"2026-03-27T23:34:31+00:00\",\"breadcrumb\":{\"@id\":\"https:\/\/shop.nexttech.bernat26.es\/?product=power-chip#breadcrumb\"},\"inLanguage\":\"es\",\"potentialAction\":[{\"@type\":\"ReadAction\",\"target\":[\"https:\/\/shop.nexttech.bernat26.es\/?product=power-chip\"]}]},{\"@type\":\"ImageObject\",\"inLanguage\":\"es\",\"@id\":\"https:\/\/shop.nexttech.bernat26.es\/?product=power-chip#primaryimage\",\"url\":\"https:\/\/shop.nexttech.bernat26.es\/wp-content\/uploads\/2026\/03\/Gemini_Generated_Image_jq6d4vjq6d4vjq6d.png\",\"contentUrl\":\"https:\/\/shop.nexttech.bernat26.es\/wp-content\/uploads\/2026\/03\/Gemini_Generated_Image_jq6d4vjq6d4vjq6d.png\",\"width\":1408,\"height\":768},{\"@type\":\"BreadcrumbList\",\"@id\":\"https:\/\/shop.nexttech.bernat26.es\/?product=power-chip#breadcrumb\",\"itemListElement\":[{\"@type\":\"ListItem\",\"position\":1,\"name\":\"Portada\",\"item\":\"https:\/\/shop.nexttech.bernat26.es\/?page_id=15\"},{\"@type\":\"ListItem\",\"position\":2,\"name\":\"Tienda\",\"item\":\"https:\/\/shop.nexttech.bernat26.es\/?page_id=15\"},{\"@type\":\"ListItem\",\"position\":3,\"name\":\"POWER\u2011CHIP\"}]},{\"@type\":\"WebSite\",\"@id\":\"https:\/\/shop.nexttech.bernat26.es\/#website\",\"url\":\"https:\/\/shop.nexttech.bernat26.es\/\",\"name\":\"NextTech\",\"description\":\"\",\"publisher\":{\"@id\":\"https:\/\/shop.nexttech.bernat26.es\/#organization\"},\"potentialAction\":[{\"@type\":\"SearchAction\",\"target\":{\"@type\":\"EntryPoint\",\"urlTemplate\":\"https:\/\/shop.nexttech.bernat26.es\/?s={search_term_string}\"},\"query-input\":{\"@type\":\"PropertyValueSpecification\",\"valueRequired\":true,\"valueName\":\"search_term_string\"}}],\"inLanguage\":\"es\"},{\"@type\":\"Organization\",\"@id\":\"https:\/\/shop.nexttech.bernat26.es\/#organization\",\"name\":\"NextTech\",\"url\":\"https:\/\/shop.nexttech.bernat26.es\/\",\"logo\":{\"@type\":\"ImageObject\",\"inLanguage\":\"es\",\"@id\":\"https:\/\/shop.nexttech.bernat26.es\/#\/schema\/logo\/image\/\",\"url\":\"https:\/\/shop.nexttech.bernat26.es\/wp-content\/uploads\/2026\/03\/cropped-WhatsApp-Image-2026-01-20-at-15.35.33.jpeg\",\"contentUrl\":\"https:\/\/shop.nexttech.bernat26.es\/wp-content\/uploads\/2026\/03\/cropped-WhatsApp-Image-2026-01-20-at-15.35.33.jpeg\",\"width\":512,\"height\":274,\"caption\":\"NextTech\"},\"image\":{\"@id\":\"https:\/\/shop.nexttech.bernat26.es\/#\/schema\/logo\/image\/\"},\"sameAs\":[\"https:\/\/x.com\/NextTech581170\",\"https:\/\/www.instagram.com\/nexttech_01\/\"]}]}<\/script>\n<!-- \/ Yoast SEO plugin. -->","yoast_head_json":{"title":"POWER\u2011CHIP - NextTech","robots":{"index":"noindex","follow":"follow","max-snippet":"max-snippet:-1","max-image-preview":"max-image-preview:large","max-video-preview":"max-video-preview:-1"},"og_locale":"es_ES","og_type":"article","og_title":"POWER\u2011CHIP - NextTech","og_description":"POWER\u2011CHIP es un aparatillo energ\u00e9tico port\u00e1til capaz de recargar tus dispositivos al instante. Su tecnolog\u00eda avanzada almacena energ\u00eda de alta densidad y permite transferirla en segundos, sin cables ni cargadores tradicionales.","og_url":"https:\/\/shop.nexttech.bernat26.es\/?product=power-chip","og_site_name":"NextTech","article_modified_time":"2026-03-27T23:34:31+00:00","og_image":[{"width":1408,"height":768,"url":"https:\/\/shop.nexttech.bernat26.es\/wp-content\/uploads\/2026\/03\/Gemini_Generated_Image_jq6d4vjq6d4vjq6d.png","type":"image\/png"}],"twitter_card":"summary_large_image","twitter_site":"@NextTech581170","twitter_misc":{"Tiempo de lectura":"1 minuto"},"schema":{"@context":"https:\/\/schema.org","@graph":[{"@type":"WebPage","@id":"https:\/\/shop.nexttech.bernat26.es\/?product=power-chip","url":"https:\/\/shop.nexttech.bernat26.es\/?product=power-chip","name":"POWER\u2011CHIP - NextTech","isPartOf":{"@id":"https:\/\/shop.nexttech.bernat26.es\/#website"},"primaryImageOfPage":{"@id":"https:\/\/shop.nexttech.bernat26.es\/?product=power-chip#primaryimage"},"image":{"@id":"https:\/\/shop.nexttech.bernat26.es\/?product=power-chip#primaryimage"},"thumbnailUrl":"https:\/\/shop.nexttech.bernat26.es\/wp-content\/uploads\/2026\/03\/Gemini_Generated_Image_jq6d4vjq6d4vjq6d.png","datePublished":"2026-03-25T16:48:19+00:00","dateModified":"2026-03-27T23:34:31+00:00","breadcrumb":{"@id":"https:\/\/shop.nexttech.bernat26.es\/?product=power-chip#breadcrumb"},"inLanguage":"es","potentialAction":[{"@type":"ReadAction","target":["https:\/\/shop.nexttech.bernat26.es\/?product=power-chip"]}]},{"@type":"ImageObject","inLanguage":"es","@id":"https:\/\/shop.nexttech.bernat26.es\/?product=power-chip#primaryimage","url":"https:\/\/shop.nexttech.bernat26.es\/wp-content\/uploads\/2026\/03\/Gemini_Generated_Image_jq6d4vjq6d4vjq6d.png","contentUrl":"https:\/\/shop.nexttech.bernat26.es\/wp-content\/uploads\/2026\/03\/Gemini_Generated_Image_jq6d4vjq6d4vjq6d.png","width":1408,"height":768},{"@type":"BreadcrumbList","@id":"https:\/\/shop.nexttech.bernat26.es\/?product=power-chip#breadcrumb","itemListElement":[{"@type":"ListItem","position":1,"name":"Portada","item":"https:\/\/shop.nexttech.bernat26.es\/?page_id=15"},{"@type":"ListItem","position":2,"name":"Tienda","item":"https:\/\/shop.nexttech.bernat26.es\/?page_id=15"},{"@type":"ListItem","position":3,"name":"POWER\u2011CHIP"}]},{"@type":"WebSite","@id":"https:\/\/shop.nexttech.bernat26.es\/#website","url":"https:\/\/shop.nexttech.bernat26.es\/","name":"NextTech","description":"","publisher":{"@id":"https:\/\/shop.nexttech.bernat26.es\/#organization"},"potentialAction":[{"@type":"SearchAction","target":{"@type":"EntryPoint","urlTemplate":"https:\/\/shop.nexttech.bernat26.es\/?s={search_term_string}"},"query-input":{"@type":"PropertyValueSpecification","valueRequired":true,"valueName":"search_term_string"}}],"inLanguage":"es"},{"@type":"Organization","@id":"https:\/\/shop.nexttech.bernat26.es\/#organization","name":"NextTech","url":"https:\/\/shop.nexttech.bernat26.es\/","logo":{"@type":"ImageObject","inLanguage":"es","@id":"https:\/\/shop.nexttech.bernat26.es\/#\/schema\/logo\/image\/","url":"https:\/\/shop.nexttech.bernat26.es\/wp-content\/uploads\/2026\/03\/cropped-WhatsApp-Image-2026-01-20-at-15.35.33.jpeg","contentUrl":"https:\/\/shop.nexttech.bernat26.es\/wp-content\/uploads\/2026\/03\/cropped-WhatsApp-Image-2026-01-20-at-15.35.33.jpeg","width":512,"height":274,"caption":"NextTech"},"image":{"@id":"https:\/\/shop.nexttech.bernat26.es\/#\/schema\/logo\/image\/"},"sameAs":["https:\/\/x.com\/NextTech581170","https:\/\/www.instagram.com\/nexttech_01\/"]}]}},"_links":{"self":[{"href":"https:\/\/shop.nexttech.bernat26.es\/index.php?rest_route=\/wp\/v2\/product\/315","targetHints":{"allow":["GET"]}}],"collection":[{"href":"https:\/\/shop.nexttech.bernat26.es\/index.php?rest_route=\/wp\/v2\/product"}],"about":[{"href":"https:\/\/shop.nexttech.bernat26.es\/index.php?rest_route=\/wp\/v2\/types\/product"}],"replies":[{"embeddable":true,"href":"https:\/\/shop.nexttech.bernat26.es\/index.php?rest_route=%2Fwp%2Fv2%2Fcomments&post=315"}],"wp:featuredmedia":[{"embeddable":true,"href":"https:\/\/shop.nexttech.bernat26.es\/index.php?rest_route=\/wp\/v2\/media\/303"}],"wp:attachment":[{"href":"https:\/\/shop.nexttech.bernat26.es\/index.php?rest_route=%2Fwp%2Fv2%2Fmedia&parent=315"}],"wp:term":[{"taxonomy":"product_brand","embeddable":true,"href":"https:\/\/shop.nexttech.bernat26.es\/index.php?rest_route=%2Fwp%2Fv2%2Fproduct_brand&post=315"},{"taxonomy":"product_cat","embeddable":true,"href":"https:\/\/shop.nexttech.bernat26.es\/index.php?rest_route=%2Fwp%2Fv2%2Fproduct_cat&post=315"},{"taxonomy":"product_tag","embeddable":true,"href":"https:\/\/shop.nexttech.bernat26.es\/index.php?rest_route=%2Fwp%2Fv2%2Fproduct_tag&post=315"}],"curies":[{"name":"wp","href":"https:\/\/api.w.org\/{rel}","templated":true}]}}